e h(k).
-9
Let h(g) = -3*g + 3. Let f be h(0). Let n(w) = 2*w + 6*w**2 - f - 5*w**2 - 3*w. Give n(3).
3
Suppose -4*r = -7*n + 3*n - 32, 0 = 5*n - 4*r + 37. Let g(c) = -c**2 - 5*c - 4. Give g(n).
-4
Suppose -4*f - 4 + 0 = 0. Let t(c) = 5*c**3 + 11*c**2 - 14*c - 1. Let i(q) = -q**3 - 2*q**2 + 2*q. Let s(r) = -6*i(r) - t(r). What is s(f)?
-1
Let r(i) = -i**2 - 9*i - 1. Suppose -53 = 5*v - 3*q, -12*q - 42 = 4*v - 14*q. Give r(v).
-11
Let r be 1*(3 - 3)/(-2). Let p(j) be the second derivative of j**5/20 + j**4/12 + 15*j**2/2 - 55*j. Determine p(r).
15
Let k(x) = 2*x**2 - 1 + 2*x**2 + 3 - 4*x. Suppose 5*y - 1 = 5*c - 11, 10 = 5*c - 2*y. Suppose -4 = i - 3*n, i + c*n + 2 = 4*i. Give k(i).
10
Suppose -o = -3*o + 2*h - 12, 5*o - h = -14. Let k(c) = -c**2 + 8. What is k(o)?
4
Let v(z) be the third derivative of z**4/24 + z**3/2 + 35*z**2 - 1. Determine v(9).
12
Let g(n) be the third derivative of -n**4/24 + n**3/2 + n**2. Let c(o) = -o + 2. Let h be (-24)/14*14/(-4). Let x(k) = h*g(k) - 5*c(k). Calculate x(6).
2
Suppose -4*o + 8 = 5*c, -15 = -2*c - 5*o - 5. Suppose 60 = 7*h - 2*h. Suppose 0*b - 4*b - h = c. Let l(w) = -4*w - 3. What is l(b)?
9
Let f = -43 - -57. Suppose -10 = -8*k + f. Let g(n) = -n**3 + 3. Determine g(k).
-24
Suppose 0 = -0*j - 2*j + 6. Let l(b) be the third derivative of b**6/120 - b**5/20 + 2*b**3/3 + 128*b**2. What is l(j)?
4
Let k = -441 - -441. Let i(z) = -z**2 - z + 8. Determine i(k).
8
Let c(l) = -2*l + 3. Let r(f) = -3*f + 2. Let h(x) = x**3 + 8*x**2 + 8*x + 4. Let n be h(-7). Let d(b) = n*r(b) + 4*c(b). Calculate d(-3).
3
Let r(d) = -2*d**2 + 9*d + 18. Let p(f) = -f**2 - f + 5. Let s(v) = -p(v) + r(v). Determine s(10).
13
Suppose -1 = -2*z + o, -5*z + 3*o = o - 4. Suppose t + 2*v = 14, t + z*t - 2*v = 26. Suppose -r - r - t = 0. Let x(l) = -l**2 - 4*l - 1. Give x(r).
-6
Let f be ((-9)/36)/(7/(-14)). Let y(j) be the second derivative of 0 + 1/3*j**4 + 1/6*j**3 - f*j**2 + 6*j. Give y(1).
4
Let v(a) be the third derivative of -a**4/24 - 3*a**3/2 - 12*a**2. What is v(-7)?
-2
Let z = 6 + -2. Let p(g) = 6 - 3 - 2*g - 13 + z*g. Give p(8).
6
Suppose 3*z = -1 + 7. Let t(h) = -3*h + 42*h**z - 38*h**2 + h - 2 + h**3 + 0. Determine t(-4).
6
Let b(j) = -j**3 - 14*j**2 + 33*j + 20. Let w(x) = -x**2 + 21*x - 84. Let m be w(17). Calculate b(m).
4
Let n(i) = i**2 - i - 1. Let s(b) = b**3 - 2*b**2. Let h(p) = 3*n(p) - s(p). Give h(3).
6
Let x(t) be the third derivative of -1/24*t**4 + 5/6*t**3 + 0*t - 13*t**2 + 0. Calculate x(0).
5
Let r(m) = -m**2. Let u(t) be the first derivative of -5/3*t**3 + 4 + 2*t**2 - 5*t. Let q(i) = 6*r(i) - u(i). Calculate q(-6).
-7
Let y(x) = 5*x**3 + 4*x**2 + 3*x + 8. Let n(g) = -g**3 - g**2 - g - 1. Let v(f) = -4*n(f) - y(f). What is v(0)?
-4
Let p(l) = l**3 - 8*l**2 - 20*l - 3. Let u be 5/(-40)*2 - 82/(-8). Give p(u).
-3
Let l(s) = 49*s + 4. Let y(q) = -90*q - 8. Let k(f) = -11*l(f) - 6*y(f). Let i = -1 + -2. Give k(i).
1
Let f be 6/(-4) + (-14)/(-4). Let u be ((-33)/11)/(f/(-2)). Let i(l) = 6 + 9 + 7*l**2 - 6*l - l**u + 12*l - 5. Give i(8).
-6
Let c = -3 + -2. Let w(g) be the first derivative of 1/4*g**4 - 21 + 2*g**3 + 0*g + 3*g**2. Determine w(c).
-5
Let b(y) = y**2 + 4*y + 6. Let c be b(-2). Let k(v) = c*v + 4*v + 31 - 30 + 0*v. Give k(1).
7
Let m(s) = 3*s + 26. Let t be m(-10). Let a(f) be the first derivative of -f**3/3 - 9*f**2/2 - 2*f + 2. Give a(t).
18
Let o(z) be the first derivative of -z**2/2 - 4*z + 4. Suppose -4 + 14 = -5*f. Calculate o(f).
-2
Let q(b) be the first derivative of b**4/4 + 5*b**3/3 + 3*b - 2. Let n = -142 + 137. Calculate q(n).
3
Let b(j) be the first derivative of j**2/2 - 5*j - 41. Let q = -55 + 63. Give b(q).
3
Let o(x) be the first derivative of x**4/4 - 4*x**3/3 + x**2 - x - 334. Let u = 3 + 1. What is o(u)?
7
Let w(h) = 3*h - 15. Let l(t) = -t**3 + 4*t**2 + 19*t - 35. Let g be l(6). Determine w(g).
6
Let b(h) = -2 + 6*h + 0*h**3 + 48*h**2 - 32*h**2 - 22*h**2 + h**3. Let l(j) = -j**3 + 4*j**2 + j + 1. Let f be l(4). Calculate b(f).
3
Let q(h) = -2*h**2 + 3*h - 3. Let j(z) = 5*z - 38. Let t be j(8). Give q(t).
-5
Let y(n) be the second derivative of 0 - 14*n - 1/6*n**3 - 1/2*n**2. What is y(-3)?
2
Let g(h) = -h**2 + 8*h + 6. Let z(j) = j**2 + 9*j - 20. Let x be z(-11). Suppose -38 = -4*i - x*d, 7 = i + 2*d - 7. Give g(i).
6
Let a = 682 + -677. Let y(k) be the second derivative of 0 - 1/2*k**2 + 1/2*k**3 + a*k - 1/6*k**4. What is y(2)?
-3
Let l(s) be the third derivative of -s**4/24 - s**3/6 + 2*s**2. Suppose 0 = -3*i - 6, 3*v + i + 0 - 1 = 0. What is l(v)?
-2
Suppose 0 = z + 3*t - 24, 3*t = -2*z + 46 + 14. Suppose 2*x = 8*x - z. Let g(l) = l**2 - 6*l + 7. Determine g(x).
7
Let m(r) = -5*r + 10. Let n(p) = -4*p + 1. Let a(i) = m(i) - n(i). Determine a(13).
-4
Let o = 15 - 8. Let t(g) be the first derivative of -g**6/360 + g**5/15 + 5*g**3/3 + 15. Let b(a) be the third derivative of t(a). Give b(o).
7
Suppose -3*n - 87 = 3*j, 5*n + 4*j + 111 = -31. Let p = n + 29. Let w(m) = 2*m + 3. What is w(p)?
9
Let w = -24 + 26. Suppose 0 = -4*g - 2*o - w*o - 4, -2*g + 2*o = -14. Let s(m) = -m**2 + 2. Determine s(g).
-7
Let b(x) = x**3 + 8*x**2 + 4*x - 5. Suppose 4*z = l - 24, 37 = -0*z - 3*z - 4*l. Calculate b(z).
16
Suppose p + 0*p + 3*v = 27, 2*p - v = 26. Let x = -18 + p. Let o be 44/12 - 1/x. Let k(s) = -s**3 + 5*s**2 - 5*s + 6. Determine k(o).
2
Let y = -125 + 123. Let p(u) = 4*u + 3. What is p(y)?
-5
Let y(a) = 7*a. Let n(f) = -40*f - 7. Let r(s) = n(s) + 5*y(s). Determine r(-4).
13
Suppose 0 = 10*c - 5*c - 570. Let s = -113 + c. Let w(v) be the third derivative of -v**4/8 - 2*v**2. Calculate w(s).
-3
Let t(j) = -j. Let l(k) be the third derivative of -k**4/24 - k**3/6 - 3*k**2. Let x(u) = 4*l(u) - 5*t(u). Give x(-3).
-7
Let m(w) be the first derivative of 9 + 17 + 15 - 5*w**2 - 4. Determine m(1).
-10
Let g be 8/(-28) - (-120)/(-21). Let b(v) = -v**3 + 11*v**2 - v + 13. Let f be b(11). Let h(l) = -l**f - 5*l + 1 + 11 - 2*l - 8. Determine h(g).
10
Let s(d) = -d**2 + 6*d + 3. Let t = -11 + 15. Suppose -t*a - 14 = -38. Suppose 5*u - a = 4*u. Calculate s(u).
3
Let s be (-17)/(-4) + (-12)/48. Suppose 4 = s*v - 8. Let n(t) = 7*t - 3. What is n(v)?
18
Let b(j) = 5*j - 12. Let f be b(3). Let q(m) be the third derivative of -1/6*m**4 + 5*m**2 + 0*m**f + 1/12*m**5 + 0*m + 0 - 1/120*m**6. Calculate q(4).
0
Let w be 422/(-10) + (-10)/(-50). Let g be (-7)/(w/8)*-3. Let r(v) = -3*v + 9. Let o(h) = h - 1. Let p(m) = -4*o(m) - r(m). Calculate p(g).
-1
Suppose o = 3*a, -25*a + 23*a = 3*o. Let g(j) be the third derivative of a*j - 3/40*j**6 + 1/12*j**4 + 0 + 1/6*j**3 + 6*j**2 + 1/60*j**5. Calculate g(-1).
9
Let y(i) = -i**3 + 25*i**2 + 3*i - 73. Let o be y(25). Let g be (-3 - -3 - 2)*-1. Let u(j) = -2 - j + 0*j + j**2 + j**3 + 0*j**g. Determine u(o).
8
Let d = 55 + -43. Let r(x) = 2*x**2 - 23*x - 12. Let w be r(d). Let h(n) = -n**3 + n**2 - n + 7. Determine h(w).
7
Let q(i) = -6*i + 1. Let d(n) = 13*n - 2. Let v(s) = 2*d(s) + 5*q(s). What is v(-5)?
21
Let a(v) = v**3 + 5*v**2 - 6*v + 6. Let x be -1 + (-4)/(-4) - -3. Suppose -11 = x*n - 8. Let p = n - 5. What is a(p)?
6
Let a(h) be the first derivative of h**4/4 + 10*h**3/3 - 9*h**2/2 + 17*h - 4. Calculate a(-11).
-5
Let a(l) = 11*l - 1. Suppose -j = -2*j + 4*b + 15, b = -3*j - 7. Calculate a(j).
-12
Let z be 116/16 + 21/12 + -1. Let o(r) = -135*r**2 - z*r + 252*r**2 - 124*r**2 - 5 + r**3. Determine o(8).
-5
Let x(m) = 3*m**2 + 24*m + 21. Let u be x(-7). Let z(y) be the third derivative of 0 + 1/24*y**4 + 1/6*y**3 + y**2 + u*y. What is z(4)?
5
Let f be -2 - -9*(3 - 2). Let w(r) be the third derivative of -r**5/60 + r**4/4 + 3*r**3/2 - 5*r**2 - 3*r. Determine w(f).
2
Let s(h) = 40*h - 15. Let b(t) = 39*t - 13. Let y(v) = -6*b(v) + 5*s(v). Calculate y(-1).
37
Let b be 2/((-4)/22 + 380/(-209)). Let q(r) = -23*r**3 + r**2 + r. Calculate q(b).
23
Let m(a) = -a**2 - a. Let t(g) = 3*g**2 + 4*g. Let j(u) = -20*m(u) - 5*t(u). Calculate j(1).
5
Let k(y) be the second derivative of -y**3/6 - 3*y**2/2 - 2*y - 86. Suppose -2*t - 3 = -9. Determine k(t).
-6
Let u = -11 + 13. Let j(s) = 3*s - 1. Let t(d) = 7*d - 3. Let n(v) = u*t(v) - 5*j(v). Let w be 4/14 + (-66)/(-14). What is n(w)?
-6
Let j(c) = 2*c. Let t be j(-3). Suppose -2*b + 3*o + 18 + 5 = 0, b - 22 = 5*o. Le